the prime factors of 15495?
3, 5, 1033
What are the prime factors of 5967?
3, 13, 17
List the prime factors of 3445.
5, 13, 53
What are the prime factors of 30413?
17, 1789
What are the prime factors of 3179?
11, 17
List the prime factors of 4027.
4027
What are the prime factors of 7736?
2, 967
What are the prime factors of 882?
2, 3, 7
What are the prime factors of 1674?
2, 3, 31
List the prime factors of 12807.
3, 1423
List the prime factors of 34806.
2, 3, 5801
What are the prime factors of 23767?
23767
What are the prime factors of 84074?
2, 127, 331
What are the prime factors of 99?
3, 11
List the prime factors of 29692.
2, 13, 571
What are the prime factors of 9830?
2, 5, 983
What are the prime factors of 8891?
17, 523
List the prime factors of 1139.
17, 67
What are the prime factors of 1599?
3, 13, 41
List the prime factors of 22509.
3, 41, 61
List the prime factors of 8274.
2, 3, 7, 197
List the prime factors of 4554.
2, 3, 11, 23
What are the prime factors of 3660?
2, 3, 5, 61
What are the prime factors of 11508?
2, 3, 7, 137
What are the prime factors of 1467?
3, 163
What are the prime factors of 6446?
2, 11, 293
What are the prime factors of 68998?
2, 34499
What are the prime factors of 54706?
2, 17, 1609
List the prime factors of 6160.
2, 5, 7, 11
List the prime factors of 22880.
2, 5, 11, 13
List the prime factors of 31936.
2, 499
What are the prime factors of 481?
13, 37
What are the prime factors of 1127?
7, 23
List the prime factors of 2473.
2473
What are the prime factors of 30153?
3, 19, 23
List the prime factors of 190.
2, 5, 19
What are the prime factors of 3540?
2, 3, 5, 59
What are the prime factors of 112869?
3, 12541
List the prime factors of 106.
2, 53
What are the prime factors of 9826?
2, 17
What are the prime factors of 1372?
2, 7
What are the prime factors of 43656?
2, 3, 17, 107
What are the prime factors of 71049?
3, 11, 2153
List the prime factors of 586.
2, 293
List the prime factors of 7920.
2, 3, 5, 11
List the prime factors of 78456.
2, 3, 7, 467
List the prime factors of 4472.
2, 13, 43
List the prime factors of 670.
2, 5, 67
List the prime factors of 86980.
2, 5, 4349
What are the prime factors of 30994?
2, 15497
What are the prime factors of 686?
2, 7
List the prime factors of 1326.
2, 3, 13, 17
What are the prime factors of 45430?
2, 5, 7, 11, 59
What are the prime factors of 23262?
2, 3, 3877
What are the prime factors of 1855?
5, 7, 53
List the prime factors of 1359.
3, 151
List the prime factors of 9691.
11, 881
What are the prime factors of 33328?
2, 2083
What are the prime factors of 1177?
11, 107
List the prime factors of 93955.
5, 19, 23, 43
List the prime factors of 9524.
2, 2381
List the prime factors of 14672.
2, 7, 131
List the prime factors of 4681.
31, 151
What are the prime factors of 22831?
17, 79
List the prime factors of 2997.
3, 37
What are the prime factors of 8692?
2, 41, 53
What are the prime factors of 423?
3, 47
What are the prime factors of 51113?
79, 647
List the prime factors of 6581.
6581
What are the prime factors of 63901?
63901
What are the prime factors of 2878?
2, 1439
List the prime factors of 12288.
2, 3
List the prime factors of 1083.
3, 19
What are the prime factors of 1652?
2, 7, 59
What are the prime factors of 16178?
2, 8089
List the prime factors of 2190.
2, 3, 5, 73
What are the prime factors of 4165?
5, 7, 17
List the prime factors of 858.
2, 3, 11, 13
List the prime factors of 3537.
3, 131
List the prime factors of 79134.
2, 3, 11, 109
What are the prime factors of 1568?
2, 7
List the prime factors of 171.
3, 19
List the prime factors of 25682.
2, 12841
What are the prime factors of 171?
3, 19
List the prime factors of 12656.
2, 7, 113
What are the prime factors of 3590?
2, 5, 359
What are the prime factors of 343?
7
List the prime factors of 4.
2
List the prime factors of 63383.
241, 263
List the prime factors of 43639.
17, 151
What are the prime factors of 3233?
53, 61
List the prime factors of 4699.
37, 127
What are the prime factors of 132284?
2, 33071
List the prime factors of 36661.
61, 601
List the prime factors of 442.
2, 13, 17
What are the prime factors of 32876?
2, 8219
List the prime factors of 3196.
2, 17, 47
List the prime factors of 2616.
2, 3, 109
List the prime factors of 15870.
2, 3, 5, 23
What are the prime factors of 3046?
2, 1523
What are the prime factors of 8564?
2, 2141
List the prime factors of 32666.
2, 16333
List the prime factors of 6803.
6803
What are the prime factors of 16060?
2, 5, 11, 73
What are the prime factors of 1454?
2, 727
List the prime factors of 1885.
5, 13, 29
What are the prime factors of 126866?
2, 229, 277
What are the prime factors of 44440?
2, 5, 11, 101
List the prime factors of 24715.
5, 4943
List the prime factors of 15660.
2, 3, 5, 29
What are the prime factors of 62869?
62869
List the prime factors of 4262.
2, 2131
What are the prime factors of 1333?
31, 43
What are the prime factors of 82945?
5, 53, 313
List the prime factors of 16841.
11, 1531
List the prime factors of 3157.
7, 11, 41
What are the prime factors of 368?
2, 23
What are the prime factors of 756?
2, 3, 7
What are the prime factors of 19424?
2, 607
List the prime factors of 2033.
19, 107
List the prime factors of 101689.
7, 73, 199
List the prime factors of 9749.
9749
List the prime factors of 39578.
2, 7, 11, 257
List the prime factors of 123708.
2, 3, 13, 61
List the prime factors of 131163.
3, 43721
What are the prime factors of 22?
2, 11
List the prime factors of 5196.
2, 3, 433
What are the prime factors of 708?
2, 3, 59
List the prime factors of 20688.
2, 3, 431
What are the prime factors of 25422?
2, 3, 19, 223
List the prime factors of 21743.
17, 1279
List the prime factors of 859.
859
What are the prime factors of 29344?
2, 7, 131
List the prime factors of 81801.
3, 61, 149
What are the prime factors of 6854?
2, 23, 149
What are the prime factors of 1651?
13, 127
List the prime factors of 257.
257
List the prime factors of 4423.
4423
What are the prime factors of 135?
3, 5
What are the prime factors of 3680?
2, 5, 23
List the prime factors of 2250.
2, 3, 5
List the prime factors of 10553.
61, 173
What are the prime factors of 39380?
2, 5, 11, 179
What are the prime factors of 4231?
4231
List the prime factors of 56067.
3, 11, 1699
List the prime factors of 87959.
87959
What are the prime factors of 806?
2, 13, 31
List the prime factors of 425.
5, 17
List the prime factors of 2313.
3, 257
What are the prime factors of 153963?
3, 17107
List the prime factors of 42221.
42221
What are the prime factors of 13076?
2, 7, 467
What are the prime factors of 44353?
17, 2609
List the prime factors of 68419.
13, 19, 277
What are the prime factors of 289?
17
What are the prime factors of 62534?
2, 31267
List the prime factors of 311.
311
What are the prime factors of 170792?
2, 37, 577
What are the prime factors of 1038?
2, 3, 173
List the prime factors of 2233.
7, 11, 29
What are the prime factors of 433?
433
List the prime factors of 206.
2, 103
List the prime factors of 5181.
3, 11, 157
List the prime factors of 4570.
2, 5, 457
List the prime factors of 2278.
2, 17, 67
What are the prime factors of 124406?
2, 17, 3659
List the prime factors of 18231.
3, 59, 103
What are the prime factors of 318?
2, 3, 53
What are the prime factors of 7356?
2, 3, 613
What are the prime factors of 1054?
2, 17, 31
List the prime factors of 1087.
1087
List the prime factors of 1057.
7, 151
What are the prime factors of 1029?
3, 7
What are the prime factors of 464?
2, 29
What are the prime factors of 2712?
2, 3, 113
List the prime factors of 3801.
3, 7, 181
What are the prime factors of 482?
2, 241
List the prime factors of 2536.
2, 317
What are the prime factors of 69916?
2, 7, 11, 227
List the prime factors of 42898.
2, 89, 241
List the prime factors of 95733.
3, 11, 967
What are the prime factors of 94059?
3, 7, 1493
What are the prime factors of 7509?
3, 2503
What are the prime factors of 22265?
5, 61, 73
What are the prime factors of 3358?
2, 23, 73
List the prime factors of 125457.
3, 19, 31, 71
List the prime factors of 12982.
2, 6491
List the prime factors of 55786.
2, 27893
What are the prime factors of 976?
2, 61
What are the prime factors of 2732?
2, 68